at is the highest common factor of 5 and r?
1
Let o = -10 - 2. Let q = -5 - o. Let w = -6649 + 6726. Calculate the highest common factor of w and q.
7
Let v be 918/216*2912/4. What is the highest common divisor of v and 26?
26
Let f = -13 + 28. Let k = f - 16. Let v(o) = -9*o**3 - 2*o**2 + o + 2. Let j be v(k). Calculate the greatest common factor of 1 and j.
1
Suppose -4*b + 120 = 4*q, 18 = -4*b - 2. Let d = q - 27. What is the greatest common divisor of 16 and d?
8
Let w(h) = -h - 10 - 59*h + 4*h**2 + 45*h. Let u be w(5). Suppose -22 = -2*j + 8. What is the highest common divisor of u and j?
15
Let a(w) = -w**3 + 68*w**2 + 694*w + 130. Let g be a(77). Let x(r) = -r**3 + r + 23. Let u be x(0). Calculate the greatest common divisor of g and u.
23
Let x(z) = -z**3 - 109*z**2 + 573*z + 348. Let a be x(-114). What is the highest common divisor of 17 and a?
1
Suppose 54*v - 829 = -289. Suppose 2 = 4*g - 6. Let j be 552/5 - g/5. What is the greatest common factor of j and v?
10
Let s(d) = -31*d**2 - 9*d - 13144*d**3 + 13146*d**3 + 25*d + 18. Let p be s(15). Calculate the highest common factor of 55 and p.
11
Suppose -24*t + 9*t - 614100 = 0. Let d be 1/((-30)/(-12)) + t/(-25). What is the greatest common divisor of 14 and d?
14
Let d be 132/8*6048/1848. Suppose 0*p = -3*p + 405. What is the highest common divisor of d and p?
27
Suppose -81*v + 268983 = 90*v. Calculate the greatest common factor of v and 22.
11
Suppose 3*o - 4*b = -19 + 101, 5*o + 3*b = 98. Suppose -o = -w - 12. Suppose -w*p + 4 = -16. What is the highest common divisor of p and 8?
2
Let n(h) be the first derivative of 9*h**2/2 - 19*h - 73. Let x be n(18). Calculate the highest common divisor of x and 11.
11
Let k(t) = 740*t + 241. Let a be k(1). What is the greatest common factor of 3 and a?
3
Let f(x) = 459*x**2 - 111*x - 171. Let w be f(-2). What is the highest common factor of 306 and w?
51
Let y = 19767 + -19749. Suppose 0*a - 135 = -3*a. Calculate the greatest common factor of y and a.
9
Let q = -1916 + 3814. What is the highest common divisor of 65 and q?
13
Let f(l) = l**3 + 4*l**2 - 22*l - 3. Let u be f(-7). Let p = u - -1. Calculate the greatest common divisor of p and 10.
5
Let z be (432/28)/(13/(-2457)*-6). Calculate the greatest common factor of 3348 and z.
54
Suppose 4*n + 356 = -0*n. Let y = n - -131. Let s be 14 + 4 + -3 + -1. Calculate the greatest common factor of s and y.
14
Suppose -2*g = g + 3, -3*v + 122 = 4*g. Suppose 0 = -t - 2, 4*d - v = 3*t. What is the greatest common divisor of 36 and d?
9
Suppose -2*s + 855 = 5*q, 19*q = 19*q + 5*s. Calculate the highest common factor of 57 and q.
57
Let v = -10279 + 18712. Calculate the highest common divisor of 27 and v.
9
Suppose 5*g = 15, -79*v + 10963 = -78*v + 4*g. Calculate the greatest common divisor of v and 141.
47
Suppose -37*c = -41*c + 292. Let i = c + -3. Calculate the greatest common divisor of i and 28.
14
Let u(f) = -51*f**3 + 3*f**2 - 2*f - 1. Let t be u(2). Let d = 413 + t. Calculate the greatest common factor of 300 and d.
12
Let d be ((-6)/18)/(2/(-30)). Suppose 0 = 6*a + 5*a - 165. Suppose 218*f = 221*f - a. What is the greatest common divisor of d and f?
5
Let q be 196*(-1)/2*-1. Let d be (-18)/2*(1/17 - 150/(-918)). Let i = q + d. What is the greatest common factor of 12 and i?
12
Suppose -16*j + 10*j + 18 = 0. Suppose -2*t - j*m = -72, 4*m = -t + 25 + 21. Calculate the greatest common factor of 30 and t.
30
Suppose 406 = -n + 3*k + 2058, 5*n - 4*k = 8249. Suppose -3895 - n = -36*z. What is the greatest common factor of z and 66?
22
Suppose -2*b + 153 = 141. Suppose 2*w - 3*l - 150 = 0, -3*l = -14*w + 10*w + 306. Calculate the greatest common factor of w and b.
6
Let c = 4307 + -4280. Let g = -120 - -183. What is the highest common divisor of g and c?
9
Let w(p) be the third derivative of 997*p**4/24 - 37*p**3/6 - 12*p**2 + 3*p. Let s be w(1). Calculate the highest common divisor of s and 15.
15
Let m(r) = 103*r + 3347. Let n be m(-32). Let h be 5/4 + 1/(-4). Let d(w) = 18*w - 1. Let f be d(h). What is the greatest common divisor of f and n?
17
Let u(n) = -2*n - 13. Let z be u(-15). Let d(l) = 11 + 16 - l - z. Let q be d(-2). What is the greatest common factor of q and 12?
12
Suppose 7*j + 59*j - 23 - 3343 = 0. Calculate the highest common factor of 2686 and j.
17
Let j be 1 - (-6)/(-12)*-58. Suppose j*x = 16*x + 448. Let v(k) = k**3 + 8*k**2 - k + 8. Let p be v(-7). Calculate the highest common divisor of x and p.
32
Let w = 74 + 36. Let p(y) = -8*y + 446. Let g be p(45). Let b = w - g. Calculate the highest common divisor of 32 and b.
8
Let c(p) = -3*p**2 + 33*p + 8. Let r(m) = -2*m**2 + m - 1. Let d(u) = c(u) - 2*r(u). Let h be d(-31). Calculate the highest common factor of 10 and h.
10
Let o(h) be the first derivative of h**3/3 + 5*h + 172. Let z be o(5). What is the greatest common divisor of z and 105?
15
Suppose -4*q + 2*s - 6 = 0, q + 8 - 3 = -3*s. Let v be q/(-9) + 825/297 - -800. Calculate the greatest common factor of v and 11.
11
Suppose -c + 16 = -b - 5*c, 4*b - 3*c - 31 = 0. Suppose -u = 2*u, -3*x = -b*u - 1023. Calculate the greatest common divisor of 62 and x.
31
Let y be (5 + 25/(-10))/(4/8). Suppose -16 = 3*o + o, -2*o - 388 = -y*h. Calculate the highest common divisor of 304 and h.
76
Let k be 2*-1*((-30)/4)/3. Let c be (39/6 - k)/(2/20). Let q = 22 - c. Calculate the highest common factor of q and 56.
7
Let b be (3238/14 - 0) + (-74)/259. Suppose 7*h = -0*h + b. Calculate the highest common factor of h and 264.
33
Let u(n) = 2*n**2 + 2*n + 1. Let h(w) = w**3 - 4*w**2 - 8*w - 19. Let b be h(6). Let t be u(b). Calculate the highest common factor of t and 305.
61
Suppose 4*h = u + 215, 194 + 66 = 5*h - 3*u. Calculate the highest common divisor of h and 80.
5
Suppose -30 = -5*s + 2*s. Suppose s*a - 6 = -36. Let c(k) = -14*k - 6. Let f be c(a). What is the highest common factor of 27 and f?
9
Suppose s - p = 4, 5*s - 2*p + 5*p - 60 = 0. Let a = -1 + 0. Let u be (-395)/(-4) - a/4. What is the greatest common factor of s and u?
9
Let j be (-3)/(-30)*38 + 7/35. Suppose -3*h = -3*v - 117, 191 = h + j*h - v. Calculate the greatest common divisor of 38 and h.
38
Let b(m) = -6*m + 6. Let o be b(-4). Let t = 97 + -30. Let y = -57 + t. What is the greatest common factor of o and y?
10
Suppose 11613 = 28*x + 21*x. Suppose -l = -x + 189. Calculate the highest common divisor of 204 and l.
12
Suppose -5*u - 7 = -2, 4*y + 4*u = 92. Let d(z) = -z**2 + 9*z + 240. Let m be d(-12). Let k be 61 - (-2)/(m/30). What is the highest common factor of k and y?
8
Let g(d) = -2*d**2 - 6*d. Let c be g(-4). Let m be (-2)/8 + (-10)/c. Suppose 0 = 139*t - 152 - 265. What is the highest common divisor of m and t?
1
Let l = 6250 - 6214. What is the highest common divisor of 5100 and l?
12
Let b = 3 - -61. Let o = 1239 - 983. What is the greatest common divisor of o and b?
64
Let o be 1 - (4 + -5)*1. Suppose 6*w = -o*w + 3968. Calculate the highest common divisor of w and 16.
16
Suppose 2*a = 7*a + 2*s - 1351, 5*a + 5*s - 1360 = 0. Suppose 4*m = 285 - a. Calculate the greatest common divisor of 4 and m.
4
Let m(q) = 2*q + 7. Let f(s) = -s - 1. Let u(z) = -5*f(z) + m(z). Let a be u(4). What is the greatest common divisor of 90 and a?
10
Suppose -2*v + 30 = 138*c - 137*c, -125 = -3*c + v. What is the highest common divisor of c and 3700?
20
Suppose 0 = -46*c + 51*c + 3*r + 2, -2*r = -2. Let j(z) = -75*z**3 - 3*z**2 + z + 1. Let p be j(c). Calculate the greatest common factor of 1224 and p.
72
Let o(i) = -81*i - 5373. Let m be o(-82). What is the highest common divisor of m and 94?
47
Suppose q - 68 = -3*i - 3*q, -4*i - q = -69. Suppose 5*l - 26 = -2*f, l = 3*f + 6 - 62. Let o = -6 + f. Calculate the highest common factor of i and o.
4
Let l be (-15)/(-3) - 6666/(2 - 8). Let n = l + -598. What is the highest common factor of n and 222?
74
Let v be (16/6)/(5 - (-3256)/(-648)). Let u = v - -164. Suppose -3 = -4*z + 29. Calculate the highest common divisor of u and z.
8
Let a be 5430/(-4)*1668/(-695). Calculate the highest common divisor of a and 36.
18
Let g = 20574 - 20561. Suppose 3*i - 405 = 726. Calculate the highest common divisor of i and g.
13
Suppose 3*i = -4*y + 63163, -3*y + 2*i + 38068 = -9317. What is th